se
Is 946342829 composite?
False
Is 18497321 a prime number?
True
Is 754759 prime?
False
Is 18394837 a prime number?
True
Is 284423 a prime number?
True
Is 18767761 a composite number?
True
Is 39480833 prime?
False
Is 5145617 composite?
True
Is 11184879 a prime number?
False
Is 185776159 prime?
True
Is 10590617 a prime number?
True
Is 826663 a composite number?
False
Is 102318791 composite?
False
Is 813653 a prime number?
False
Is 443306533 a composite number?
True
Is 14778013 a composite number?
True
Is 11228593 prime?
True
Is 11754727 prime?
True
Is 15201737 a composite number?
False
Is 10485973 a composite number?
False
Is 78340853 prime?
True
Is 1458733 a composite number?
True
Is 526517 a composite number?
True
Is 52757609 prime?
False
Is 23671861 a composite number?
False
Is 15012097 a composite number?
False
Is 1311434 a composite number?
True
Is 303913247 composite?
True
Is 947294 composite?
True
Is 360418477 a prime number?
True
Is 160273271 a prime number?
True
Is 158639 composite?
True
Is 6203347 a prime number?
False
Is 65161465 a prime number?
False
Is 14794489 composite?
True
Is 1017259 a composite number?
True
Is 4144879 a composite number?
False
Is 6459781 composite?
True
Is 9330829 a composite number?
False
Is 4527437 prime?
True
Is 179231419 composite?
False
Is 32825627 a prime number?
False
Is 341043349 composite?
False
Is 215280167 a composite number?
False
Is 8791847 a prime number?
True
Is 23254247 a composite number?
True
Is 63433 a prime number?
False
Is 21224581 composite?
True
Is 1518067 composite?
False
Is 13850897 a prime number?
False
Is 6986509 prime?
False
Is 243149573 composite?
True
Is 10387997 prime?
True
Is 34887881 a composite number?
True
Is 134016809 a composite number?
False
Is 39879473 composite?
False
Is 18347051 a composite number?
False
Is 118033427 composite?
False
Is 1327409 prime?
True
Is 6113711 composite?
False
Is 1687921 a composite number?
True
Is 63307001 a composite number?
False
Is 1871503 prime?
True
Is 2221487 composite?
True
Is 12968927 prime?
True
Is 121966527 prime?
False
Is 42614599 composite?
False
Is 2556331 a composite number?
False
Is 1937311 composite?
False
Is 13364293 a prime number?
False
Is 85792403 prime?
True
Is 36269797 a prime number?
True
Is 230871131 a composite number?
True
Is 9196591 composite?
False
Is 9064897 composite?
False
Is 35249411 a composite number?
False
Is 43895563 a prime number?
True
Is 2579111 a prime number?
True
Is 3488273957 composite?
True
Is 2905109 prime?
True
Is 18722917 a composite number?
True
Is 1356577 a prime number?
True
Is 32183101 a prime number?
True
Is 345383 composite?
True
Is 46907 composite?
True
Is 128765603 prime?
False
Is 26611127 a composite number?
True
Is 1169741 prime?
True
Is 90808379 prime?
True
Is 5937401 a composite number?
False
Is 13535161 composite?
True
Is 236302879 composite?
True
Is 1838114913 prime?
False
Is 988801 a composite number?
True
Is 3428617 a composite number?
False
Is 304841 composite?
True
Is 5571179 composite?
False
Is 85648867 a prime number?
True
Is 131407883 composite?
False
Is 3838071 a prime number?
False
Is 786139 a prime number?
False
Is 26761513 prime?
True
Is 7268321 a prime number?
True
Is 182531389 prime?
True
Is 483373 a composite number?
True
Is 9809285 composite?
True
Is 10904189 a prime number?
False
Is 42805447 composite?
False
Is 133173629 a composite number?
False
Is 24977677 composite?
True
Is 537590873 a composite number?
True
Is 39975553 a prime number?
True
Is 60678757 a prime number?
True
Is 10644602 a composite number?
True
Is 27931733 a composite number?
False
Is 1265587 a prime number?
False
Is 6701831 prime?
True
Is 39974171 composite?
True
Is 15324851 a composite number?
True
Is 327925733 prime?
False
Is 28745903 a prime number?
True
Is 116098354 a prime number?
False
Is 11512547 composite?
False
Is 35153189 composite?
True
Is 2480601 composite?
True
Is 31666441 composite?
True
Is 28116919 composite?
True
Is 33436859 prime?
True
Is 4735327 prime?
False
Is 5750879 prime?
False
Is 12298831 prime?
False
Is 319351 a composite number?
False
Is 7715873 a composite number?
True
Is 35803499 composite?
False
Is 19705619 composite?
False
Is 10770523 prime?
True
Is 28003309 a composite number?
False
Is 73511003 composite?
False
Is 149993 a composite number?
False
Is 4110934 a prime number?
False
Is 30127 prime?
False
Is 6851863 composite?
False
Is 1371659 a prime number?
False
Is 10102837 a composite number?
False
Is 130504081 composite?
False
Is 68061713 composite?
True
Is 25150789 a composite number?
False
Is 64601789 prime?
False
Is 73697163 a composite number?
True
Is 19142819 prime?
True
Is 2483777 composite?
False
Is 2577838 a prime number?
False
Is 561277 a prime number?
True
Is 417562001 prime?
False
Is 7069267 a composite number?
False
Is 3919903 composite?
True
Is 27538631 a composite number?
False
Is 900008581 a prime number?
True
Is 76195699 a composite number?
True
Is 31592123 composite?
False
Is 9511189 composite?
False
Is 12275749 a composite number?
True
Is 9965561 composite?
True
Is 1908221 a prime number?
False
Is 105510649 a composite number?
False
Is 33670159 prime?
True
Is 2331305 composite?
True
Is 793666 prime?
False
Is 43535869 prime?
False
Is 675593 a prime number?
True
Is 7339201 composite?
True
Is 316065923 a prime number?
True
Is 79466809 composite?
False
Is 38236829 a prime number?
True
Is 222521847 prime?
False
Is 31469786 prime?
False
Is 4399397 composite?
False
Is 164729 prime?
True
Is 10349215 a prime number?
False
Is 905897 a prime number?
True
Is 9310601 prime?
False
Is 3261799 prime?
True
Is 68303821 a composite number?
False
Is 68808347 a prime number?
True
Is 19253733 a prime number?
False
Is 186272909 a prime number?
True
Is 19927267 prime?
True
Is 53252119 prime?
True
Is 4770707 a prime number?
False
Is 839651 prime?
True
Is 6073969 prime?
False
Is 296265469 a prime number?
True
Is 304395298 a prime number?
False
Is 259489 prime?
False
Is 2491043 a composite number?
False
Is 13705963 prime?
True
Is 302523863 composite?
True
Is 137677147 a composite number?
True
Is 301571099 a composite number?
False
Is 136658413 a composite number?
False
Is 33334657 a composite number?
True
Is 15853819 a composite number?
False
Is 4765889 composite?
True
Is 759697493 prime?
True
Is 19261619 a composite number?
True
Is 80540303 prime?
True
Is 135829253 a prime number?
False
Is 286817023 a prime number?
True
Is 51162463 a composite number?
True
Is 22133581 composite?
False
Is 3405359 a composite number?
False
Is 1262801495 composite?
True
Is 40652273 composite?
False
Is 4894657 composite?
True
Is 2363507 composite?
False
Is 10628113 prime?
False
Is 13761071 a prime number?
False
Is 2134723 a composite number?
True
Is 24020417 a prime number?
True
Is 9643927 prime?
True
Is 12831653 a prime number?
True
Is 2876879 a composite number?
False
Is 11696911 composite?
True
Is 4294607 prime?
True
Is 446059 composite?
True
Is 412717 prime?
True
Is 19289927 a composite number?
True
Is 19134727 a composite number?
True
Is 2081269 a composite number?
True
Is 243190019 prime?
True
Is 1308079 composite?
True
Is 58475849 composite?
True
Is 3917729 a prime number?
True
Is 3671069 a prime number?
True
Is 5788181 composite?
True
Is 446076313 a composite number?
False
Is 5238071 composite?
False
Is 20077337 composite?
True
Is 50269961 a composite number?
True
Is 14569579 composite?
True
Is 41045677 composite?
False
Is 9012989 prime?
False
Is 2281271 composite?
True
Is 4586377 a prime number?
True
Is 691333 a prime number?
True
Is 103010977 a composite number?
False
Is 6914041 a composite number?
True
Is 83272567 prime?
False
Is 114187 prime?
False
Is 106531 prime?
True
Is 140051291 a composite number?
False
Is 13853117 prime?
False
Is 314938573 a composite number?
False
Is 4577899 prime?
False
Is 28561691 prime?
True
Is 8917963 a prime number?
True
Is 6662819 a prime number?
False
Is 19125511 a composite number?
True
Is 78113 a composite number?
True
Is 10918727 a composite number?
True
Is 167309 a composite number?
False
Is 279221467 prime?
False
Is 26172961 composite?
False
Is 6396631 a composite number?
False
Is 145412083 prime?
True
Is 948091 composite?
False
Is 134262553 prime